[INFO] cloning repository https://github.com/binarybana/mancala_ai
[INFO] running `Command { std: "git" "-c" "credential.helper=" "-c" "credential.helper=/workspace/cargo-home/bin/git-credential-null" "clone" "--bare" "https://github.com/binarybana/mancala_ai" "/workspace/cache/git-repos/https%3A%2F%2Fgithub.com%2Fbinarybana%2Fmancala_ai", kill_on_drop: false }`
[INFO] [stderr] Cloning into bare repository '/workspace/cache/git-repos/https%3A%2F%2Fgithub.com%2Fbinarybana%2Fmancala_ai'...
[INFO] running `Command { std: "git" "rev-parse" "HEAD", kill_on_drop: false }`
[INFO] [stdout] bb54e5907aed16faa91178eb3cc7a3305794372d
[INFO] checking binarybana/mancala_ai against master#9610dfe5a9a731ced1ea4923ecbd0c57fe367898 for beta-170-4
[INFO] running `Command { std: "git" "clone" "/workspace/cache/git-repos/https%3A%2F%2Fgithub.com%2Fbinarybana%2Fmancala_ai" "/workspace/builds/worker-3-tc1/source", kill_on_drop: false }`
[INFO] [stderr] Cloning into '/workspace/builds/worker-3-tc1/source'...
[INFO] [stderr] done.
[INFO] validating manifest of git repo https://github.com/binarybana/mancala_ai on toolchain 9610dfe5a9a731ced1ea4923ecbd0c57fe367898
[INFO] running `Command { std: CARGO_HOME="/workspace/cargo-home" RUSTUP_HOME="/workspace/rustup-home" "/workspace/cargo-home/bin/cargo" "+9610dfe5a9a731ced1ea4923ecbd0c57fe367898" "metadata" "--manifest-path" "Cargo.toml" "--no-deps", kill_on_drop: false }`
[INFO] started tweaking git repo https://github.com/binarybana/mancala_ai
[INFO] finished tweaking git repo https://github.com/binarybana/mancala_ai
[INFO] tweaked toml for git repo https://github.com/binarybana/mancala_ai written to /workspace/builds/worker-3-tc1/source/Cargo.toml
[INFO] crate git repo https://github.com/binarybana/mancala_ai already has a lockfile, it will not be regenerated
[INFO] running `Command { std: CARGO_HOME="/workspace/cargo-home" RUSTUP_HOME="/workspace/rustup-home" "/workspace/cargo-home/bin/cargo" "+9610dfe5a9a731ced1ea4923ecbd0c57fe367898" "fetch" "--manifest-path" "Cargo.toml", kill_on_drop: false }`
[INFO] running `Command { std: "docker" "create" "-v" "/var/lib/crater-agent-workspace/builds/worker-3-tc1/target:/opt/rustwide/target:rw,Z" "-v" "/var/lib/crater-agent-workspace/builds/worker-3-tc1/source:/opt/rustwide/workdir:ro,Z" "-v" "/var/lib/crater-agent-workspace/cargo-home:/opt/rustwide/cargo-home:ro,Z" "-v" "/var/lib/crater-agent-workspace/rustup-home:/opt/rustwide/rustup-home:ro,Z" "-e" "SOURCE_DIR=/opt/rustwide/workdir" "-e" "CARGO_TARGET_DIR=/opt/rustwide/target" "-e" "CARGO_HOME=/opt/rustwide/cargo-home" "-e" "RUSTUP_HOME=/opt/rustwide/rustup-home" "-w" "/opt/rustwide/workdir" "-m" "1610612736" "--user" "0:0" "--network" "none" "ghcr.io/rust-lang/crates-build-env/linux@sha256:19e73879b68f455e41552ea35293514db52ea292d993f571636dbffedb77a1ee" "/opt/rustwide/cargo-home/bin/cargo" "+9610dfe5a9a731ced1ea4923ecbd0c57fe367898" "metadata" "--no-deps" "--format-version=1", kill_on_drop: false }`
[INFO] [stdout] 64e9f5ddbac3f78a4451a017ef5f94633daeb87878383e60e43760b70b743d10
[INFO] running `Command { std: "docker" "start" "-a" "64e9f5ddbac3f78a4451a017ef5f94633daeb87878383e60e43760b70b743d10", kill_on_drop: false }`
[INFO] running `Command { std: "docker" "inspect" "64e9f5ddbac3f78a4451a017ef5f94633daeb87878383e60e43760b70b743d10", kill_on_drop: false }`
[INFO] running `Command { std: "docker" "rm" "-f" "64e9f5ddbac3f78a4451a017ef5f94633daeb87878383e60e43760b70b743d10", kill_on_drop: false }`
[INFO] [stdout] 64e9f5ddbac3f78a4451a017ef5f94633daeb87878383e60e43760b70b743d10
[INFO] running `Command { std: "docker" "create" "-v" "/var/lib/crater-agent-workspace/builds/worker-3-tc1/target:/opt/rustwide/target:rw,Z" "-v" "/var/lib/crater-agent-workspace/builds/worker-3-tc1/source:/opt/rustwide/workdir:ro,Z" "-v" "/var/lib/crater-agent-workspace/cargo-home:/opt/rustwide/cargo-home:ro,Z" "-v" "/var/lib/crater-agent-workspace/rustup-home:/opt/rustwide/rustup-home:ro,Z" "-e" "SOURCE_DIR=/opt/rustwide/workdir" "-e" "CARGO_TARGET_DIR=/opt/rustwide/target" "-e" "CARGO_INCREMENTAL=0" "-e" "RUST_BACKTRACE=full" "-e" "RUSTFLAGS=--cap-lints=forbid" "-e" "RUSTDOCFLAGS=--cap-lints=forbid" "-e" "CARGO_HOME=/opt/rustwide/cargo-home" "-e" "RUSTUP_HOME=/opt/rustwide/rustup-home" "-w" "/opt/rustwide/workdir" "-m" "1610612736" "--user" "0:0" "--network" "none" "ghcr.io/rust-lang/crates-build-env/linux@sha256:19e73879b68f455e41552ea35293514db52ea292d993f571636dbffedb77a1ee" "/opt/rustwide/cargo-home/bin/cargo" "+9610dfe5a9a731ced1ea4923ecbd0c57fe367898" "check" "--frozen" "--all" "--all-targets" "--message-format=json", kill_on_drop: false }`
[INFO] [stdout] a147a57dee780fad56ffa8912f6259474d0b1d385e6830f2f2679fbddc1ed78e
[INFO] running `Command { std: "docker" "start" "-a" "a147a57dee780fad56ffa8912f6259474d0b1d385e6830f2f2679fbddc1ed78e", kill_on_drop: false }`
[INFO] [stderr]    Compiling proc-macro2 v1.0.49
[INFO] [stderr]    Compiling unicode-ident v1.0.6
[INFO] [stderr]    Compiling quote v1.0.23
[INFO] [stderr]    Compiling libc v0.2.139
[INFO] [stderr]    Compiling syn v1.0.107
[INFO] [stderr]    Compiling semver v1.0.16
[INFO] [stderr]    Compiling io-lifetimes v1.0.3
[INFO] [stderr]    Compiling serde_derive v1.0.151
[INFO] [stderr]    Compiling lock_api v0.4.9
[INFO] [stderr]    Compiling proc-macro-error-attr v1.0.4
[INFO] [stderr]    Compiling serde v1.0.151
[INFO] [stderr]    Compiling rustix v0.36.5
[INFO] [stderr]    Compiling memchr v2.5.0
[INFO] [stderr]    Compiling proc-macro-error v1.0.4
[INFO] [stderr]    Compiling rustc_version v0.4.0
[INFO] [stderr]     Checking linux-raw-sys v0.1.4
[INFO] [stderr]    Compiling log v0.4.17
[INFO] [stderr]     Checking byteorder v1.4.3
[INFO] [stderr]    Compiling heapless v0.7.16
[INFO] [stderr]     Checking aho-corasick v0.7.20
[INFO] [stderr]     Checking hash32 v0.2.1
[INFO] [stderr]     Checking spin v0.9.4
[INFO] [stderr]    Compiling heck v0.4.0
[INFO] [stderr]     Checking os_str_bytes v6.4.1
[INFO] [stderr]     Checking stable_deref_trait v1.2.0
[INFO] [stderr]     Checking regex-syntax v0.6.28
[INFO] [stderr]     Checking ppv-lite86 v0.2.17
[INFO] [stderr]     Checking termcolor v1.1.3
[INFO] [stderr]     Checking clap_lex v0.3.0
[INFO] [stderr]     Checking humantime v2.1.0
[INFO] [stderr]     Checking getrandom v0.2.8
[INFO] [stderr]     Checking cobs v0.2.3
[INFO] [stderr]     Checking once_cell v1.16.0
[INFO] [stderr]     Checking strsim v0.10.0
[INFO] [stderr]     Checking rand_core v0.6.4
[INFO] [stderr]     Checking rand_chacha v0.3.1
[INFO] [stderr]     Checking rand v0.8.5
[INFO] [stderr]     Checking regex v1.7.0
[INFO] [stderr]     Checking is-terminal v0.4.2
[INFO] [stderr]     Checking env_logger v0.10.0
[INFO] [stderr]    Compiling clap_derive v4.0.21
[INFO] [stderr]     Checking clap v4.0.32
[INFO] [stderr]     Checking bincode v1.3.3
[INFO] [stderr]     Checking postcard v1.0.2
[INFO] [stderr]     Checking mancala v0.1.0 (/opt/rustwide/workdir)
[INFO] [stdout] error[E0425]: cannot find value `Tie` in this scope
[INFO] [stdout]    --> src/mancala.rs:414:41
[INFO] [stdout]     |
[INFO] [stdout] 414 |         assert_eq!(state.is_won(), Some(Tie));
[INFO] [stdout]     |                                         ^^^ not found in this scope
[INFO] [stdout]     |
[INFO] [stdout] help: consider importing this unit variant
[INFO] [stdout]     |
[INFO] [stdout] 306 +     use mancala::Outcome::Tie;
[INFO] [stdout]     |
[INFO] [stdout] 
[INFO] [stdout] 
[INFO] [stdout] error[E0425]: cannot find value `P2Win` in this scope
[INFO] [stdout]    --> src/mancala.rs:416:41
[INFO] [stdout]     |
[INFO] [stdout] 416 |         assert_eq!(state.is_won(), Some(P2Win));
[INFO] [stdout]     |                                         ^^^^^ not found in this scope
[INFO] [stdout] 
[INFO] [stdout] 
[INFO] [stdout] error[E0425]: cannot find value `P1Win` in this scope
[INFO] [stdout]    --> src/mancala.rs:418:41
[INFO] [stdout]     |
[INFO] [stdout] 418 |         assert_eq!(state.is_won(), Some(P1Win));
[INFO] [stdout]     |                                         ^^^^^ not found in this scope
[INFO] [stdout] 
[INFO] [stdout] 
[INFO] [stdout] error[E0425]: cannot find value `P2Win` in this scope
[INFO] [stdout]    --> src/mancala.rs:420:41
[INFO] [stdout]     |
[INFO] [stdout] 420 |         assert_eq!(state.is_won(), Some(P2Win));
[INFO] [stdout]     |                                         ^^^^^ not found in this scope
[INFO] [stdout] 
[INFO] [stdout] 
[INFO] [stdout] error[E0599]: no method named `take_action` found for struct `AIPlayer` in the current scope
[INFO] [stdout]    --> src/mancala.rs:459:23
[INFO] [stdout]     |
[INFO] [stdout] 459 |         assert_eq!(p1.take_action(&value_fun, 0.0), action);
[INFO] [stdout]     |                       ^^^^^^^^^^^ method not found in `AIPlayer`
[INFO] [stdout]     |
[INFO] [stdout]    ::: src/player.rs:8:8
[INFO] [stdout]     |
[INFO] [stdout] 8   |     fn take_action(&mut self, values: &HashMap<GameState, f64>, epsilon: f64) -> Action;
[INFO] [stdout]     |        ----------- the method is available for `AIPlayer` here
[INFO] [stdout] ...
[INFO] [stdout] 19  | pub struct AIPlayer {
[INFO] [stdout]     | ------------------- method `take_action` not found for this struct
[INFO] [stdout]     |
[INFO] [stdout]     = help: items from traits can only be used if the trait is in scope
[INFO] [stdout] help: the following trait is implemented but not in scope; perhaps add a `use` for it:
[INFO] [stdout]     |
[INFO] [stdout] 306 +     use player::Player;
[INFO] [stdout]     |
[INFO] [stdout] 
[INFO] [stdout] 
[INFO] [stdout] error[E0599]: no method named `td_update` found for struct `AIPlayer` in the current scope
[INFO] [stdout]    --> src/mancala.rs:460:12
[INFO] [stdout]     |
[INFO] [stdout] 460 |         p1.td_update(&mut value_fun, 0.2, 0.3);
[INFO] [stdout]     |            ^^^^^^^^^ method not found in `AIPlayer`
[INFO] [stdout]     |
[INFO] [stdout]    ::: src/player.rs:9:8
[INFO] [stdout]     |
[INFO] [stdout] 9   |     fn td_update(
[INFO] [stdout]     |        --------- the method is available for `AIPlayer` here
[INFO] [stdout] ...
[INFO] [stdout] 19  | pub struct AIPlayer {
[INFO] [stdout]     | ------------------- method `td_update` not found for this struct
[INFO] [stdout]     |
[INFO] [stdout]     = help: items from traits can only be used if the trait is in scope
[INFO] [stdout] help: the following trait is implemented but not in scope; perhaps add a `use` for it:
[INFO] [stdout]     |
[INFO] [stdout] 306 +     use player::Player;
[INFO] [stdout]     |
[INFO] [stdout] 
[INFO] [stdout] 
[INFO] [stdout] error: aborting due to 6 previous errors
[INFO] [stdout] 
[INFO] [stdout] 
[INFO] [stdout] Some errors have detailed explanations: E0425, E0599.
[INFO] [stdout] 
[INFO] [stdout] For more information about an error, try `rustc --explain E0425`.
[INFO] [stdout] 
[INFO] [stderr] error: could not compile `mancala` (bin "mancala" test) due to 7 previous errors
[INFO] [stderr] warning: build failed, waiting for other jobs to finish...
[INFO] running `Command { std: "docker" "inspect" "a147a57dee780fad56ffa8912f6259474d0b1d385e6830f2f2679fbddc1ed78e", kill_on_drop: false }`
[INFO] running `Command { std: "docker" "rm" "-f" "a147a57dee780fad56ffa8912f6259474d0b1d385e6830f2f2679fbddc1ed78e", kill_on_drop: false }`
[INFO] [stdout] a147a57dee780fad56ffa8912f6259474d0b1d385e6830f2f2679fbddc1ed78e
